25 is divided by v.
7
Suppose 2 = j - 2, 5*j + 24 = 4*s. Suppose 5*m - u - 14 = 0, m - 2*u = s - 1. What is the remainder when m is divided by 1?
0
Suppose 0 = -4*v + 14 + 66. Calculate the remainder when 21 is divided by 32/6*30/v.
5
Calculate the remainder when (22 + -1)/(2/16) is divided by 57.
54
Let b(v) = -v. Let z be b(-4). Suppose -z*m = -5*o - 36, -2*o - 5*m = -0*m + 21. Let p = o + 21. What is the remainder when 37 is divided by p?
11
Suppose -4*c - 5*u = 1424, 26 = -2*c - 3*u - 686. Calculate the remainder when 30 is divided by (-4)/22 - c/22.
14
Suppose -i = -18 - 2. Suppose -3*j - j - i = 0. Let l = j - -6. What is the remainder when 1 is divided by l?
0
Suppose n + 20 = 2*n + 3*c, -20 = 5*c. Calculate the remainder when n is divided by 11.
10
Let r(g) = g**2 + 1. Let p be r(2). Let a(c) = 3*c**2 - 5*c + 3. Let x(l) = l**3 - l**2 - 4. Calculate the remainder when a(p) is divided by x(3).
11
Let h(g) = g**2 + 5*g - 7. What is the remainder when 11 is divided by h(-7)?
4
Let q = -4 + 2. Calculate the remainder when -23*1/(-1) - q is divided by 13.
12
Let v(h) = h**3 - 12*h**2 - 13*h + 6. Let x(i) = -3*i**3 + 25*i**2 + 27*i - 13. Let g(r) = 5*v(r) + 2*x(r). Calculate the remainder when g(-9) is divided by 13.
9
Let h be (-4)/(-6)*6/(-4). Suppose -3*t + 17 = -2*i, -4*t + 0*t = -i - 16. Let v = h + t. Calculate the remainder when v is divided by 1.
0
Let j = -35 - -44. Calculate the remainder when 44 is divided by j.
8
Let b(v) = v**3 - 4*v**2 + 2*v + 7. Calculate the remainder when b(5) is divided by (22*(-3)/(-6))/1.
9
Let w(f) = -f**2 - 2*f + 3. Let t be w(-3). Suppose t = 5*i - 33 - 32. What is the remainder when 24 is divided by i?
11
Let s be (-3)/(-2) - (-26)/4. Suppose 9*a + s = 13*a. What is the remainder when (-2)/(-5) - (-13)/5 is divided by a?
1
Suppose 0*l - 9 = -t + 4*l, -3 = -5*t - l. What is the remainder when t/2 + (-57)/(-6) is divided by 3?
1
Let u = -13 - -16. Suppose 3*f + f + u*v = 81, -4*v - 78 = -5*f. What is the remainder when 51 is divided by f?
15
Suppose 4*r = x - 7, -3*x - 4*r + 7 = -2*r. What is the remainder when 47 is divided by (-3 - 0)*-5 - x?
11
Let l be (-26)/(-12) + (-2)/12. Suppose -l*p + 4 + 22 = 0. What is the remainder when p is divided by 4?
1
Suppose -9*s + 6*s + 30 = 0. Calculate the remainder when 36 is divided by s.
6
Let i be -15*1*(1 + 0). Let a = 20 - i. Suppose -2*q = s - 25, -5*q + 2*s = -0*q - 58. Calculate the remainder when a is divided by q.
11
Let h = 8 - -36. Calculate the remainder when 130 is divided by h.
42
Let c = 45 + -33. What is the remainder when 57 is divided by c?
9
Suppose -2*t + 36 - 10 = 0. Let l = 93 - 55. What is the remainder when l is divided by t?
12
Let u = -39 - -59. Calculate the remainder when u is divided by 7.
6
Suppose 4*q - 3*m - 94 - 16 = 0, -4*q = 5*m - 94. Calculate the remainder when q is divided by 14.
12
Let m(o) = -o**2 - 4*o + 1. Suppose 5*v = -q - 15, -4*v + 8*q - 3*q = 41. Calculate the remainder when m(v) is divided by 1.
0
Let w(m) = 6*m**2 + 2*m - 1. Suppose 7*g + 6 = 10*g. Suppose g*b - 6*b = f - 69, 2*f - 12 = -b. What is the remainder when b is divided by w(1)?
4
Suppose 5*m - 569 = 4*x, 448 = m + 3*m - 5*x. Suppose 0 = 2*r - 5*b + 56, 3*r + m = -4*b + 10. What is the remainder when r*(1*-3)/9 is divided by 6?
5
Suppose 2*o - 5*i - 78 = -2*o, 5*o - 75 = -5*i. Calculate the remainder when 66 is divided by o.
15
Suppose 3*t + 3*n - 21 = -3, 5*n - 2 = 2*t. What is the remainder when t is divided by 1?
0
Suppose 4*d - 25 = -2*i + 11, -4*d + 36 = 4*i. What is the remainder when d is divided by 5?
4
Suppose 2*d - 3*d + 3*p + 13 = 0, 4*p = -5*d + 103. Calculate the remainder when 73 is divided by d.
16
Suppose 108 = 2*s + 5*m, -s = -5*s - 4*m + 192. Calculate the remainder when s is divided by 12.
8
Suppose 3*s - 447 = -5*p, s + 3*p + 0*p = 153. What is the remainder when s is divided by 29?
28
Let v be (-6 + 4)/(0 + 1). What is the remainder when (-302)/(-4) - (-1)/v is divided by 19?
18
Let t = 0 + 0. Suppose t = -p + 24 + 4. Let l(x) = -x**3 + 10*x**2 - 6*x - 12. What is the remainder when p is divided by l(9)?
13
Let r = 3 - -9. Let q be 35/(-5)*r/(-7). Let i = -6 + q. Calculate the remainder when 15 is divided by i.
3
Let q(s) = 4*s**2 + 2*s - 7 + 0*s**2 + 1 - s**3. Let k be q(5). Let d = k - -37. Calculate the remainder when 30 is divided by d.
14
Let w be 3/(-4)*(6 + -2). What is the remainder when 1*13/(w - -4) is divided by 3?
1
Let a(m) = -m**3 + 6*m**2 + 5*m + 20. Calculate the remainder when 22 is divided by a(7).
4
Let v be -1*3/6*0. Suppose 5*w = -v*w. Suppose w = i + 1 - 2. What is the remainder when i is divided by 1?
0
Suppose 4*w - 2*w = 5*j + 34, -4*w = 3*j - 42. Calculate the remainder when 29 is divided by w.
5
Let l(o) = o**2 + 2*o + 7. Calculate the remainder when l(-3) is divided by 4.
2
Suppose x - 6 = -2*x. Suppose x = -b + 7. What is the remainder when 9 is divided by b?
4
Suppose -o = 4*o + 105. Calculate the remainder when 26 is divided by (-3 + o/(-9))*-21.
12
Calculate the remainder when 4 is divided by (1 - 0)/((-13)/(-39)).
1
Suppose 0*f + 49 = f. Suppose -53*d = -63*d + 130. What is the remainder when f is divided by d?
10
Let s be (4/(-5))/((-2)/205). Suppose -p = p - s. What is the remainder when p is divided by -7*(-2)/((-12)/(-18))?
20
Suppose 0 = 3*l - 4*v - 37 - 1, v + 22 = 2*l. Calculate the remainder when 28 is divided by l.
8
Let u = 876 - 299. Let c = 259 - u. Calculate the remainder when c/(-18) - (-4)/(-6) is divided by 6.
5
What is the remainder when (-2)/(-8) - 167/(-4) is divided by (15/(-6))/(2/(-12))?
12
Let o be -2 - -3 - (-1 - 1). Suppose 3*f - 4*f = -o*p + 16, -3*p - 5*f = -46. Let k = p + 7. Calculate the remainder when k is divided by 5.
4
Let u = 15 - 9. Let d(n) = n**2 - n + 27. Calculate the remainder when d(0) is divided by (-205)/(-15) + 2/u.
13
Calculate the remainder when 9 is divided by (-119)/(-21) - 2/3.
4
Let o(a) = 2*a - 22. Suppose v = 2, h = -5*v + 23 - 9. What is the remainder when o(13) is divided by 24/15 + h/10?
0
Suppose 0 = -2*s + 17 + 1. Suppose -v = 1 + 3. Calculate the remainder when s is divided by ((-30)/(-12))/((-2)/v).
4
Suppose h - n = 9, n + n + 29 = 3*h. Calculate the remainder when 20 is divided by h.
9
Suppose -2*w - 2*w - 16 = 0. What is the remainder when 36 is divided by w/2 + -3 + 24?
17
Suppose 5*m + 3*p - 55 = 0, -3*m + 4*p = 2*m - 20. What is the remainder when 12 + 1/(-3)*-3 is divided by m?
5
Suppose r + 23 = 5*m - 92, 0 = -5*m + 2*r + 120. What is the remainder when 61 is divided by m?
17
Calculate the remainder when (10/15)/(8/540) is divided by 23.
22
Suppose 4*m - 9*m + 25 = 0. Suppose m*j - 120 = 25. Calculate the remainder when j is divided by (-86)/(-6) + (-4)/(-6).
14
Let y(n) = 18*n - 8. Let x be y(6). Suppose 5*q - 5*d = x, 3 = q + 3*d - 1. What is the remainder when q is divided by 6?
4
Let a = -47 - -78. Suppose -a = -3*s + 5. Let d(n) = 12*n - 2. What is the remainder when d(2) is divided by s?
10
Let k(f) = f**3 + f**2 + f + 5. Let i be k(0). Suppose -i*v + 8*v = 24. What is the remainder when 30 is divided by v?
6
Let w be 4/10 - 9/(-15). Let c = w - 8. Let n = c + 22. Calculate the remainder when 42 is divided by n.
12
Calculate the remainder when 28 is divided by -2*-10*2/4.
8
Let s(o) = 2*o**2 + o. Suppose 0 = -5*t - 15, -7 = 5*l - 2*t - 3. What is the remainder when 11 is divided by s(l)?
5
Suppose 16 = l + 2*r, -3*l = l - 5*r - 38. What is the remainder when 35 is divided by l?
11
Suppose -2*a - 28 = 5*s, s + a = -2*a - 16. Let i = 216 + -348. Calculate the remainder when 8 is divided by s/(-14) - i/28.
3
Suppose -4*b + 2*b = -6. Suppose -u + 9 = l, -5*l = -b*u + 4*u - 45. Calculate the remainder when 26 is divided by l.
8
Let v(o) = 9*o**3 - 3*o**2 - 4*o + 3. Calculate the remainder when v(3) is divided by 42.
39
Let r(u) = u**2 - 1. Let m be r(1). Suppose m = -0*y + 4*y - 260. Suppose -4*l = 3*g - 3*l - 47, l = 4*g - y. Calculate the remainder when 47 is divided by g.
15
Let m(d) = -d + 14. Let j(l) = 2*l + 2. Let o(u) = 2*u + 2. Let z(a) = 2*j(a) - 3*o(a). Calculate the remainder when m(0) is divided by z(-3).
2
Let m be -4*1/(-3)*-9. What is the remainder when (-204)/(-10) - m/(-30) is divided by 2/(-8) + (-90)/(-8)?
9
L